(2 + -3).
17
Suppose -5*y - 752 = -4*f, -2*f + 0*y - 4*y = -350. What is the remainder when f is divided by 45?
3
Let u = 415 + -258. Calculate the remainder when u is divided by 27.
22
Suppose 0 = 10*w - 48 - 12. What is the remainder when 106 is divided by w?
4
Calculate the remainder when 147 is divided by ((572/(-8))/(-11))/(7/42).
30
Suppose v - 39 = -2*s - 4*v, v = -1. Let z = -135 + 75. Let y = z + 123. What is the remainder when y is divided by s?
19
Let g = 58 + -123. Let q = g + 92. Calculate the remainder when 53 is divided by q.
26
Suppose 46*p + 74 = 48*p. Calculate the remainder when 212 is divided by p.
27
Suppose 2*g = 16 + 68. Suppose -3*r - 1018 = -5*s, 441 = 3*s - 5*r - 157. Calculate the remainder when s is divided by g.
38
Suppose 0 = 2*s + 2 + 12. Calculate the remainder when 28/(-98) + (-170)/s is divided by 13.
11
Suppose 2*j - j + 7 = 4*p, p - j - 4 = 0. Suppose -4*i = -i + 12. Calculate the remainder when 10 is divided by p + (3 + -5 - i).
1
Let o(p) = -6*p - 57. What is the remainder when 131 is divided by o(-14)?
23
Let y(a) be the third derivative of a**5/60 - a**4/12 - a**3/6 + 4*a**2. Let j be y(3). Suppose -j*w = -0*w - 26. What is the remainder when w is divided by 4?
1
Let m(r) = -r**3 - 5*r**2 + 3*r - 14. Let k be m(-6). Suppose 0 = 5*j - 464 + k. Suppose -5*u = -3 - j. What is the remainder when 73 is divided by u?
16
Let r(m) = -3*m**3 - 4*m**2 - 2*m + 2. Suppose -2*i + 0*i - 70 = -2*c, 5*i - 104 = -4*c. Let d = c - 33. Calculate the remainder when r(d) is divided by 4.
2
Suppose 185 = 7*d - 2*d. Suppose -2*n - 9*h = -10*h - 21, -3*h + 27 = 3*n. What is the remainder when d is divided by n?
7
Suppose 3*n + 6 = -3. Let p(b) = -6*b - 3. Suppose 45*f = -92 + 2072. What is the remainder when f is divided by p(n)?
14
Calculate the remainder when 25 is divided by (-2)/(2*(18/(-24))/3).
1
Let f(s) = 15*s - 1. Suppose -3*q + 3*o - 11 = 2*o, 0 = -q + 5*o + 1. Let j = q + 5. Calculate the remainder when 26 is divided by f(j).
12
Let v = -797 + 894. Calculate the remainder when 969 is divided by v.
96
Suppose 4*k - 305 = -5*o, -3*o = 3*k - 118 - 110. Calculate the remainder when k is divided by 73.
2
Let r = 297 + -282. What is the remainder when 44 is divided by r?
14
Let a(f) = 6*f**2 + 12*f - 30. Calculate the remainder when 269 is divided by a(2).
17
Let c(z) = -z**2 + 3*z - 4. Suppose r - 14 = -3*j - j, -4 = 2*j - 5*r. Let k be c(j). Let x = k - -6. Calculate the remainder when x is divided by 1.
0
Suppose -2*h - 10 + 18 = 0. Suppose -4*i - 2*a = -54, -h*i + 39 = -a - 18. What is the remainder when 27 is divided by i?
13
Let g be (2 - 0 - 2)/(-1). Suppose 4*j - 4 - 4 = g. Suppose -j*m + 23 = 3*b, 0 + 1 = b. Calculate the remainder when 37 is divided by m.
7
What is the remainder when 75 is divided by 8/24 + (-32)/(-3)?
9
Let s(i) = 33*i**2. Let y be s(-1). Suppose 0 = 5*p + y + 7. Let n = 7 - p. Calculate the remainder when n is divided by 4.
3
Let m(s) be the first derivative of s**3/3 + s**2/2 - 3*s - 2. Let u be m(3). Suppose -8*q = -u*q + 7. Calculate the remainder when 20 is divided by q.
6
Let d = 356 - 250. Suppose 99 = -11*w + 15*w + 3*h, -4*h = 4*w - 96. Calculate the remainder when d is divided by w.
25
What is the remainder when 205 is divided by (-30)/20 - ((-1055)/10 - 0)?
101
Suppose j = 99 - 23. Suppose c + c - 17 = -5*u, 15 = -5*u. Calculate the remainder when j is divided by c.
12
Let b = 957 - 689. What is the remainder when b is divided by 69?
61
Suppose -3*x + 49*o = 46*o - 597, -960 = -5*x - 2*o. What is the remainder when x is divided by 25?
19
Suppose 70 = 5*a - 3*d, -d + 0*d + 70 = 5*a. What is the remainder when 26 is divided by a?
12
Let f = 78 + -34. Suppose f = -j + 2*j. Calculate the remainder when j is divided by 15.
14
Suppose 2*i = 4*x - 3*i - 105, -i - 5 = 0. Calculate the remainder when 195 is divided by x.
15
Suppose 160 = 4*f + 4*s, 0 = 3*f - 7*f - 3*s + 158. Calculate the remainder when f is divided by 14.
10
Suppose 14*u - 135 = 61. Suppose -l - 6 + 74 = 0. Calculate the remainder when l is divided by u.
12
Let g(d) = 16 + 11*d**2 - 10*d - 4 + 12*d - d**3. Let i be g(12). Let s = -12 - i. What is the remainder when s is divided by 33?
30
Let h = 64 - 51. What is the remainder when 88 is divided by h?
10
Let q be 4/5 - (-726)/30. Calculate the remainder when 2/10 + 4 + 2070/q is divided by 23.
18
Suppose -9 = 2*h - 5*h. Let d = -548 - -550. What is the remainder when h is divided by d?
1
Suppose 25*a - 2951 = 2974. Calculate the remainder when a is divided by 24.
21
Let p be -3*((-24)/9 + 0). Suppose p = -4*h + 68. Suppose 0 = 3*y - 15, -83 = -3*i + 2*y + 33. What is the remainder when i is divided by h?
12
Let l(n) = -n**2 - 7*n - 2. Let f be l(-6). Let b(o) = 7*o + 26. Calculate the remainder when b(f) is divided by 29.
25
Let k(p) = -2*p**2 - 43*p + 42. What is the remainder when k(-19) is divided by 28?
25
Suppose 2*f - 3*h + 8 = 0, f + 2*h = -2*h + 18. Let s(q) = -3*q + 2*q + 6*q - 14 + 21 - q**f. Calculate the remainder when 1 is divided by s(6).
0
Let j(s) = s**2 - 7*s - 1. Let p be j(-5). Let y = p - -40. Suppose 6*l = 3*l + y. What is the remainder when l is divided by 18?
15
Let l(u) = 4*u + 6*u**2 + 0*u - 5*u - 2. Let v = -4 + 6. Calculate the remainder when l(v) is divided by 11.
9
Let a = -11 + 39. Suppose 3*x + 0*x - 117 = 0. Let q = x - a. Calculate the remainder when 32 is divided by q.
10
Let k = -115 - -213. Suppose -17*d + 14*d = -60. Calculate the remainder when k is divided by d.
18
Suppose -1776 = 58*a - 82*a. What is the remainder when 136 is divided by a?
62
Suppose 4*j + g = -4*g + 62, 2*j + 2*g - 30 = 0. Let t(b) = -10*b**2 + 19*b + 11*b**2 + 3 - 19*b. Calculate the remainder when j is divided by t(2).
6
Let m = -20 + 20. Suppose 0*j - 4*j + 3*y + 218 = m, 3*j - 2*y - 164 = 0. What is the remainder when j is divided by 29?
27
Let n(d) = d**2 + 31*d - 328. Calculate the remainder when 309 is divided by n(-41).
63
Let p = 14 - 14. Suppose -5*h = p, 2*m - 3*h - 38 = -0*h. What is the remainder when m is divided by 11?
8
Let v = -28 + 40. Let d = 22 - v. Suppose -51 = -4*r + r. What is the remainder when r is divided by d?
7
Let v(l) = l**2 + l + 1. Let d(q) = 12*q**2 + 9*q + 7. Let x(s) = d(s) - 6*v(s). What is the remainder when 130 is divided by x(-2)?
16
Let m(l) be the second derivative of -l**4/12 + 7*l**3/3 - 5*l**2/2 - l. Suppose -16*o + 364 = 10*o. Calculate the remainder when m(9) is divided by o.
12
Suppose 31 = -4*d - m - 8, 3*d - 5*m = -12. What is the remainder when (14/10)/(d/(-315)) is divided by 13?
10
Let l(m) = m**2 + 35*m - 393. What is the remainder when 68 is divided by l(9)?
2
Suppose 36 = -4*a + 484. Suppose 2*w = -2*z + 117 + 91, -5*w + a = z. What is the remainder when z is divided by 35?
32
Let f = -362 + 383. Calculate the remainder when 837 is divided by f.
18
Suppose 3*i - 39 = -10*i. Calculate the remainder when 28 is divided by i.
1
Let o(u) = u**2 + 2*u - 35. Calculate the remainder when 383 is divided by o(9).
63
Let g = -549 - -592. What is the remainder when 727 is divided by g?
39
Suppose -2*v + 26 - 22 = 0. Suppose 0 = -i - 4*c + 24, 4*c + 18 = v*i + 2*c. What is the remainder when 23 is divided by i?
11
What is the remainder when 14168/88 - (-1 - 9) is divided by 85?
1
Suppose 5*s = -5*s + 70. What is the remainder when 234 is divided by s?
3
Suppose 48*y - 490 = -37*y + 700. Suppose 2*i - 4*g = 3*i - 20, -g = -3*i + 8. What is the remainder when y is divided by i?
2
Let n(y) = 61*y - 113. What is the remainder when 80 is divided by n(2)?
8
Let c(t) = 4*t**3 + 1. Suppose 3*o - 2*o = n, 5*o + n = 24. Let w be (-8)/(-40) - o/(-5). Calculate the remainder when c(w) is divided by 2.
1
Let i(w) = -w**3 - 32*w**2 + 30*w + 68. What is the remainder when i(-33) is divided by 56?
55
Let v be (3/(-6))/(1/(-10)). Suppose -2*u + v*y = 15, 3*u = 5*u + 4*y - 30. Let o = -6 - -23. What is the remainder when o is divided by u?
2
Suppose -22*l - 134 = -4*y - 24*l, 4*y = 2*l + 154. What is the remainder when 609 is divided by y?
33
Suppose 0*s + v + 41 = 2*s, -64 = -3*s + 4*v. What is the remainder when 55 is divided by s?
15
Suppose 3*l - 4*s - 45 = -s, -3*s - 33 = -2*l. Let h = 129 - 108. Calculate the remainder when h is divid